(s) is divided by 21.
17
Suppose -27*l + 676 = 33*l - 1064. Let r be 2 - -26*12 - 0. Suppose 3*m - r = 4*a, a - 340 = -3*m - 6. What is the remainder when m is divided by l?
23
Suppose -48*f + 0*f = -32688. What is the remainder when f is divided by 4?
1
Let i be ((-1)/(-1) + -37)/(118/(-59)). Suppose 13*h = i*h - 50. Calculate the remainder when 87 is divided by h.
7
Suppose 4*g = -5*y + 636, 0*g + 3*g + 4*y - 478 = 0. Suppose -11069 = 25*w + 25231. What is the remainder when g is divided by w/(-48) - 5/((-20)/3)?
30
Calculate the remainder when 4605 is divided by 4770/33 - 480/880.
141
Let x(q) = -q + 19. Suppose 4*y + 96 = 8*y. Let l(b) = -b**3 + 24*b**2 + 3*b - 12. What is the remainder when l(y) is divided by x(-2)?
18
Suppose -h = 3*h - 44. Calculate the remainder when 4696/120 - 0 - (-4)/(-30) is divided by h.
6
Suppose 0 = 5*u + 5, -3*a + u = -5*a + 45. Suppose 5 = -5*z + 3*o, 49 - 34 = -5*z + 5*o. Calculate the remainder when 78 is divided by z + -1 + -3 - (1 - a).
18
Suppose -50*f + 54*f - 108 = 0. Suppose -5*y + f + 108 = 0. Calculate the remainder when y is divided by ((-2)/4)/((-2)/40).
7
Suppose -171 = 2*w + p, -5*w - 484 + 58 = p. Let a = -25 + 20. Calculate the remainder when -4*a/10 - w is divided by 15.
12
Suppose -2*m = -2*q - 316, -3*m + 2*q + 479 = -2*q. Let r = -588 + 623. Let p = r - 4. Calculate the remainder when m is divided by p.
29
Let y be 3/7 - 1 - 52/(-91). Calculate the remainder when (y - 95/(-2))*(1 - -1) is divided by 25.
20
Suppose 0 = 5*z + 3*x - 3535, 2079 = 5*z - 2*x - 1456. What is the remainder when z is divided by 176?
3
Let s(p) = -4*p**2 - 59*p + 18. Let i be s(-12). Suppose -23*g = i - 1599. Calculate the remainder when g is divided by 14.
7
Let j(k) = k**3 + 27*k**2 + 70*k + 608. Calculate the remainder when j(-17) is divided by 14.
12
Suppose 5*a + 13*y = 11*y + 73, 0 = 3*y - 27. What is the remainder when 974 is divided by a?
6
Let r = -484 + 123. Let k = -180 - r. Calculate the remainder when k is divided by ((-122)/(-8))/((-2)/(-8)).
59
Let r = -274 + 268. Let y(z) = 10*z**2 + 53*z - 3. What is the remainder when 77 is divided by y(r)?
38
Let k = -5515 - -5541. Calculate the remainder when 47 is divided by k.
21
Suppose 0 = 4*m + 110 - 66. Let a(x) = 47 - 66 - 2*x - x. Calculate the remainder when a(m) is divided by 3.
2
Let u(p) be the second derivative of -67*p**3/6 + 279*p**2/2 + 144*p. Calculate the remainder when 30 is divided by u(4).
8
Let q(o) = o**3 - 73*o**2 - 122*o - 2013. Suppose 3*m + 346 = 1372. Calculate the remainder when m is divided by q(75).
81
Suppose -29*x = -20*x - 7272. Let b = -800 + x. What is the remainder when 60 is divided by b?
4
Suppose -148*o - 622 = -6256 - 19378. Calculate the remainder when o is divided by 30.
19
Let r = 26 - 150. Let h = -78 - r. Calculate the remainder when h is divided by 10.
6
Let l(n) = 7*n**2 - 14*n + 18. What is the remainder when 1995 is divided by l(2)?
15
Suppose 16*j - 2*j = -140. Let t = -28 - -48. Calculate the remainder when t is divided by 7 - (4 + j - -6).
6
Let z = 90 + -85. Suppose -z*s + 110 = 6*s. Let v(a) = a**2 - 10*a + 38. Calculate the remainder when 187 is divided by v(s).
35
Let f = -1822 - -4362. What is the remainder when f is divided by 82?
80
Suppose -x + 246 = -20*b, -3*x - 2*b - 192 = -4*x. Calculate the remainder when x is divided by 81.
24
What is the remainder when (-2)/4 + (-16095)/(-10) - -4 is divided by 95?
93
Let d(r) = -2*r**2 + 80*r - 11. Let o be d(14). Let l = o + -493. What is the remainder when l is divided by 35?
14
Let u(l) be the third derivative of 11*l**5/60 + l**4/3 - 5*l**3/3 + 149*l**2. Calculate the remainder when 249 is divided by u(2).
49
Let g(q) = q**3 - 18*q**2 - 18*q - 15. Let j be g(19). Suppose -j*x = 4*v + 8, -3*x = x. What is the remainder when v/6*(-119 + 5) is divided by 4?
2
Suppose l = 2*c - 151, 2*c - 4*l = -2*c + 292. Suppose 8*y + u = 6*y + c, 0 = 3*u - 6. What is the remainder when 150 is divided by y?
36
Let x(d) = d - 4. Let b be x(2). Let k = 4 - b. What is the remainder when k is divided by (-90)/(-16) - (-38 + (-4635)/(-120))?
1
Suppose -266*t = -458*t + 5568. What is the remainder when 753 is divided by t?
28
Suppose -h - 3*h = -68. Suppose 5*a - 4*y - 110 = 426, -4*a - 5*y + 396 = 0. Calculate the remainder when a is divided by h.
2
Calculate the remainder when 238 is divided by (2 - (-4 + 1 + 2))*(-169 - -206).
16
Let d(a) = -a**3 + 17*a**2 + a - 3. Let w be d(17). What is the remainder when 1491/12 + w/(-56) is divided by 16?
12
Let l(g) = -77*g**2 + 29*g + 33*g**2 + 0*g + 27*g**2 - 38 - g**3. Calculate the remainder when l(-20) is divided by 53.
52
Suppose -5*y - 4*r + 4502 = 0, -3*y + 2698 = 2*r + 2*r. Let p = -853 + y. Suppose x - 26 = -7. Calculate the remainder when p is divided by x.
11
Let d be 128/28 + (-3)/(-7). Suppose 2 = -i, -30 = -d*z - 2*i + 16. Let b = 63 + -34. Calculate the remainder when b is divided by z.
9
Suppose 11*h = -30*h - 10*h + 714. What is the remainder when 7279 is divided by h?
13
Suppose -93*q + 76*q - 34 = 0. What is the remainder when ((-2783)/(-69))/(q/(-6)) is divided by 32?
25
Suppose 129*f - 1052440 = -63397. Calculate the remainder when f is divided by 18.
17
Suppose 5*z = -2*y + 139, -3*z - 17*y + 75 = -13*y. Suppose 4*s = g - 190 - 436, 3174 = 5*g + 2*s. Calculate the remainder when g is divided by z.
25
Let t be ((-44)/110)/(1*(-1)/5). Suppose -86*c - t = -88*c. Suppose 0 = -5*p + 9 + c, 4*o - 330 = p. Calculate the remainder when o is divided by 29.
25
Suppose 0 = 4*q + 2*r - 150, 2*q + 140 = 6*q + 4*r. What is the remainder when 2/8*-2 + 35275/34 is divided by q?
37
Calculate the remainder when (7 - (25 - 19)) + (-1 + 0 - -135) is divided by 71.
64
Let z = 37 + 9. Let d(l) = -l**2 + 5165*l - 25798. Calculate the remainder when z is divided by d(5).
0
Suppose 4*m - 17*m + 39 = 0. Calculate the remainder when 52 is divided by 55/3 - (7/3 - m).
14
Let o(l) = 8*l - 208. Let b be o(26). What is the remainder when 5278/38 + b + 6/57 is divided by 16?
11
Let z(s) = 29*s**2 - s - 2. What is the remainder when z(2) is divided by (12/(240/25))/((-75)/(-2280))?
36
Let i(f) = 3*f**3 + 27*f**2 - 205*f - 1. Suppose -3*v + 2*d = -6*v + 149, -3*d + 96 = 2*v. What is the remainder when i(7) is divided by v?
49
Let b(d) = d**2 - 9*d - 20. Let t be 123/(-328) + (-1 - 198/(-16)). Let g be b(t). Suppose g*p - 172 = -138. Calculate the remainder when p is divided by 10.
7
Let a be (-39 + 0)*(-1)/3. Suppose -a = 3*w - 55. Calculate the remainder when 97 is divided by w.
13
Suppose 159*h - 209 = 158*h. What is the remainder when h is divided by 13?
1
Let p(h) = 24*h**2 - 55*h + 28. What is the remainder when p(7) is divided by 217?
168
Let j(t) = 52*t + 13. Let x = -776 - -833. Calculate the remainder when j(1) is divided by x.
8
Suppose 81*u + 7395 = -71*u + 169*u. What is the remainder when u is divided by 113?
96
Suppose 89*b - 51711 = 56*b. Calculate the remainder when b is divided by 2.
1
Suppose -40*z - 30*z = 35*z - 630. Calculate the remainder when 5223 is divided by z.
3
What is the remainder when 464 is divided by (266/(-19) - -13)/((-1)/104)?
48
Suppose -241 = -13*t + 201. Calculate the remainder when 1187 is divided by t.
31
What is the remainder when (-2)/60 - 2266932/(-360) is divided by 134?
133
Suppose -112 = 62*g - 66*g. Let n = 85 + g. Calculate the remainder when n is divided by 38.
37
Suppose -4*j = q - 6, 3*q + 2*j = q + 30. Suppose 2 - 2 = -4*z. Suppose 2*v - 28 = 5*f, f = -5*v - z*f + 16. Calculate the remainder when q is divided by v.
2
Calculate the remainder when 170 is divided by 5/1 - (-120 - -39).
84
Let b = 216 + -211. Suppose -c - u = 23 - 65, -4*c = -b*u - 177. Calculate the remainder when c is divided by 11.
10
Suppose 5*j = 2*j + 6, 2*j - 253 = -3*n. Let q(h) = -h**3 + 13*h + 21. Suppose -448*b + 445*b = 0. Calculate the remainder when n is divided by q(b).
20
Suppose -2*p + 2*a + 78 = 0, 6*a + 82 = 2*p + 2*a. Let k = p - 26. Let l = 22255 + -22248. What is the remainder when k is divided by l?
4
Suppose 5*u - k = -0*k + 928, 0 = u + k - 182. Suppose l - 41 = -4*d, -4*d - u = -4*l + d. Calculate the remainder when 133 is divided by l.
43
Suppose -17*h = 5*z - 19*h - 698, -z = -2*h - 138. Calculate the rema